ainder when (33/3)/(2/10) is divided by m.
13
Suppose -5*i + 11 = -4. Suppose 2*g - 21 = -3*m, -m - 6 = -i*g - 2. Calculate the remainder when 11 is divided by g.
2
Let l be 0 - 10/2 - -2. Suppose -5*h - 41 + 11 = 0. Let p = l - h. What is the remainder when 5 is divided by p?
2
Let n be (-22)/(-5) + (-8)/20. Suppose n*f = v + 37, -5*v + 21 + 14 = 2*f. Suppose -3*x = -2 - 16. Calculate the remainder when f is divided by x.
4
Let y = -5 - -1. Let b(d) be the first derivative of d**3/3 + d**2/2 - 4*d - 2. Calculate the remainder when 23 is divided by b(y).
7
Let n = 4 + 3. Suppose 0 = 5*u - 13 - n, 4*x - u = 56. Suppose 6*z - 3*z = x. What is the remainder when z is divided by 4?
1
Let u be 3 + -1 + (-7 - -11). Let n(w) = -w**3 + 3*w - 5 + 7*w**2 + 2*w**2 - 3*w**2. What is the remainder when 36 is divided by n(u)?
10
Suppose 4*d + 99 = 3*v + 7*d, 0 = -4*v + 5*d + 105. Let u = 7 + 0. What is the remainder when (12/(-10))/((-3)/v) is divided by u?
5
Let k = -14 + 23. Calculate the remainder when 17 is divided by k.
8
Let o(u) = -3*u**3 - 2*u**2 - 2*u + 1. Let j be o(-3). Suppose j = -0*g + 2*g. Calculate the remainder when g is divided by -4 - 0/1 - -22.
17
Suppose 0 = -2*g + 24 + 8. What is the remainder when g is divided by 12/5*5/2?
4
Let k be (-16)/(-1 + -1) - 1. Let c = 13 - k. Let p(w) = w**2 - 4*w - 1. Calculate the remainder when 21 is divided by p(c).
10
Suppose 2*s = 3*z + 157, s - 4*z = 3*s - 192. Calculate the remainder when s is divided by (-8)/(-6)*(-165)/(-10).
20
Let v(c) = c**2 + c - 4. Suppose 3*g = -5 - 10. Calculate the remainder when v(g) is divided by 9.
7
Let v be 2/(-7) + 46/14. Suppose 0 = -v*r + 65 - 11. Let q = 23 + -13. What is the remainder when r is divided by q?
8
Let q = 11 + -7. Let v(u) = 4*u - 4*u + 1 + 3*u. Calculate the remainder when v(3) is divided by q.
2
Calculate the remainder when 96 is divided by 4/10 - (0 + (-738)/30).
21
Let o(d) = -3*d**3 - 2*d**2 - 2*d - 2. Let z be o(-2). Suppose 0*w - w = -z. What is the remainder when 35 is divided by w?
17
Suppose 5*q = -7 + 32. Suppose -3*p = -4*t - p, 0 = -3*t + q*p - 14. Calculate the remainder when 5 is divided by t.
1
Let o(j) = j**2 + 9*j + 17. Let r be o(-7). Suppose -d + 84 = r*d. Calculate the remainder when 39 is divided by d.
18
Suppose -4*g = -3*g + 19. Let i = g + 33. What is the remainder when 39 is divided by i?
11
Let o(b) = b**3 - 7*b**2 + 15. Suppose -3*p - 2*p - u + 35 = 0, -2*u = 2*p - 14. What is the remainder when o(p) is divided by 6?
3
Let b = -9 - -21. Suppose -88 = -0*i - 4*i. Calculate the remainder when i is divided by b.
10
Suppose -3*m = -4*m + 5. Suppose -m*u + 32 = -u. What is the remainder when u is divided by ((-3)/(-4))/((-2)/(-8))?
2
Suppose -536 = 3*k - z, -4*k - 348 = -2*k - 3*z. What is the remainder when ((-3)/(-4))/((-5)/k) is divided by 14?
13
Suppose 0 = 9*u - 7*u - 30. Calculate the remainder when u is divided by 4.
3
Suppose -2*f + 22 = 2*f + 2*a, 5*f = a + 17. Suppose 3*l - 2 = 7. What is the remainder when f is divided by l?
1
Let i(g) = -38*g. Let p be 99/21 + 6/21. Suppose 41 = -p*w + 106. Calculate the remainder when i(-1) is divided by w.
12
Let m = -35 - -124. Calculate the remainder when m is divided by 18.
17
Suppose 2*h - 3 + 1 = 2*f, -2*h = 6. What is the remainder when 44 is divided by ((-8)/(-12))/(f/(-90))?
14
Let y(f) = 6*f. Let l be y(1). Suppose -i + 7 + l = 0. Let u = 27 + -22. What is the remainder when i is divided by u?
3
Let f = 43 + -20. What is the remainder when 68 is divided by f?
22
Suppose 8*u = -2*b + 3*u - 25, 4*b = -u - 5. Let r = b - -16. What is the remainder when 34 is divided by r/(-3)*(-9)/4?
10
Let r = 21 + -15. Suppose -3*c + r = -6. Let y(b) = b + 2. What is the remainder when c is divided by y(0)?
0
Suppose 0 = 3*x + 6, 0 = -0*f - 2*f - 2*x + 48. Let y(z) = 3*z + 12. What is the remainder when y(13) is divided by f?
25
Let m = -22 + 25. Suppose -m = 5*b - 138. What is the remainder when b is divided by 7?
6
Let m(p) = 41*p + 5. Let t be m(6). Suppose -3*n - t = 3*d + n, 3*n = 3*d + 237. Calculate the remainder when 26 is divided by d/(-3)*1/3.
8
Let c = -24 + 43. Calculate the remainder when c is divided by 11.
8
Suppose -a - 15 = -6*a. Let y(k) = 2*k**3 - k**2 + 4*k. Suppose -j + 40 = 5*o, 47 + 17 = 3*j + o. Calculate the remainder when y(a) is divided by j.
17
Let g = 4 + -1. Let m(b) = -3 - 2 + 2 - b + 2 + 2*b**2. What is the remainder when m(g) is divided by 5?
4
Let u be 4 + -3 + (-42)/3. Let s(c) be the third derivative of -c**4/24 + c**3 - c**2. What is the remainder when 56 is divided by s(u)?
18
Let d = 77 + -46. Let o be 108/3*(-5)/(-3). Calculate the remainder when d is divided by ((-12)/(-5))/(9/o).
15
Suppose -5*p - 2 = 18. Let z = 7 + p. Suppose u = 5 - 1. What is the remainder when u is divided by z?
1
Suppose 8 = g + 4*d, g + d - 9 = -g. Suppose 4*i - 128 = 4*z - 44, -2*i - g*z + 60 = 0. What is the remainder when i is divided by 13?
11
Let y(o) = -o**3 - 9*o**2 + 8*o - 8. Calculate the remainder when 23 is divided by y(-10).
11
Let m(j) = j**3 - 5*j**2 - 6*j + 8. Let r(y) = -y**2 + 2*y + 5. Let z be r(5). What is the remainder when m(6) is divided by (-4)/10 + (-34)/z?
2
Let j(h) = 5*h**2 + 2*h + 7. Calculate the remainder when j(4) is divided by 20.
15
Suppose 1 - 5 = -4*s. Calculate the remainder when -2 + 43 - 0/s is divided by 14.
13
Let b(y) = -10*y - 1. Let d = 76 + -41. Calculate the remainder when d is divided by b(-2).
16
Suppose -n - 3*n = -32. Let l = -5 + n. Calculate the remainder when 5 is divided by l.
2
Let n(j) = -j**3 + 3*j**2 + 6*j - 6. Let l be n(4). Suppose 5*w - 30 = l*w. Suppose y = 5*y - 112. Calculate the remainder when y is divided by w.
8
Let s = 7 - 10. Let z(b) = -b**2 + 54. What is the remainder when z(0) is divided by (12 - -1) + (s - -4)?
12
Suppose -4*l = -4*n - 36, n - 3*n = l. Suppose 2 = -4*k - l. Calculate the remainder when (9/18)/(k/(-28)) is divided by 2.
1
Let q(u) = 2*u**2 + 5*u - 1. What is the remainder when q(5) is divided by 40?
34
Let h(s) = 2*s**2 - 7*s + 4. Let w be (2 - 1)/(4/440). Suppose -5*r + 127 = -3*p - 3, 5*r + p - w = 0. What is the remainder when r is divided by h(4)?
7
Let j(n) = n**3 - 10*n**2 + n - 14. Let q be j(10). Let d = q + 6. Suppose d*c - 87 = r + 2*r, 4*c = r + 179. What is the remainder when c is divided by 12?
9
Let i = 97 + -44. Suppose 2*q = -4, b - 3 - 5 = -3*q. Calculate the remainder when i is divided by b.
11
Suppose 3*j + 2*j = 4*v - 75, -5*j = 2*v - 15. Let y = 87 - 30. What is the remainder when y is divided by v?
12
Let d(k) = -8*k - 6. Calculate the remainder when 47 is divided by d(-2).
7
Suppose 0 = -q - 3, 0 = l + 3*l + q + 43. Let p = 24 + l. Let r = 142 - 89. Calculate the remainder when r is divided by p.
11
Suppose -5*n + 3*n + 34 = 0. Calculate the remainder when 101 is divided by n.
16
Suppose d - 4*d = -15. What is the remainder when 2/(6/9) - -16 is divided by d?
4
Suppose w + 2*w = 354. What is the remainder when w is divided by (-20)/25*150/(-4)?
28
Let j = 15 - 48. Let t = j - -47. Calculate the remainder when t is divided by 8.
6
Let d = -7 + 12. Let p be 1/(-3) - 7/(-3). Suppose 2*z = p*u + 5*z + 1, 0 = -d*u + 3*z + 50. What is the remainder when u is divided by 3?
1
Suppose 6*j + 5 = 5*j. Let p be j/3 - (-1)/(-3). What is the remainder when 9 is divided by (-9)/p - (-3)/6?
4
Suppose -h - w + 1 = -6, 3*w - 15 = 0. Let k = -2 - -4. Calculate the remainder when h is divided by k.
0
Suppose u - 4*p - 33 = 0, 0 = -3*p + 7*p + 12. Suppose 0 = 3*y - u - 24. Calculate the remainder when y is divided by 6.
3
Let g(z) = -z - 1. Let a be g(-4). Suppose -21 + a = -3*d. Let f(b) = b. What is the remainder when d is divided by f(2)?
0
Let m be ((-98)/5)/(4/(-10)). Let o = -2 + m. What is the remainder when o is divided by 16?
15
Suppose 0 = 2*r - 7*r + 40. Let n(a) = a**2 - 4 + 5*a**2 + 2 - a**3 - 4*a. What is the remainder when n(4) is divided by r?
6
Suppose 5*m + 2*i - 89 = 0, -3 = -m + 5*i + 4. Suppose -2*h + 0*h - 10 = 0, -1295 = 5*l - 3*h. What is the remainder when 2/8 - l/8 is divided by m?
16
What is the remainder when 14 is divided by (-4)/(-22) + 860/110?
6
Suppose -19 = -z + 5*v, -v + 4*v - 3 = 0. Calculate the remainder when (92/10)/((-1)/(-5)) is divided by z